28856350219 a prime number?
True
Is 1362516791 composite?
True
Is 1539203527 prime?
False
Is 3931824791 a prime number?
True
Is 2747916101 a prime number?
False
Is 3145202491 prime?
True
Is 3184268839 a composite number?
False
Is 24748937827 a prime number?
False
Is 7253166589 prime?
True
Is 114683861 prime?
False
Is 320921539 a prime number?
True
Is 1706839853 prime?
True
Is 134537438393 prime?
True
Is 10942269659 a composite number?
False
Is 933423047 a composite number?
False
Is 4250486573 a composite number?
True
Is 6663728161 composite?
True
Is 40864429 composite?
False
Is 890646763 a composite number?
True
Is 2092182011 a prime number?
True
Is 10582866977 a composite number?
True
Is 4312974277 a composite number?
False
Is 1823217119 a composite number?
True
Is 522755467 a composite number?
True
Is 13550460587 prime?
False
Is 4950912283 composite?
False
Is 196699313 prime?
False
Is 80319140539 composite?
True
Is 1297441979 composite?
False
Is 63842392511 composite?
False
Is 1914594959 a composite number?
False
Is 3171165007 composite?
True
Is 9408652705 prime?
False
Is 6140314282 prime?
False
Is 6663061703 a prime number?
False
Is 35728477307 composite?
False
Is 4939871893 prime?
False
Is 489787789 composite?
False
Is 51308109707 prime?
True
Is 409537787 a composite number?
False
Is 4399321 a composite number?
True
Is 8246767521 prime?
False
Is 1178067923 a composite number?
False
Is 90418707689 a composite number?
False
Is 10461149203 composite?
True
Is 350719753 a composite number?
True
Is 40190807659 a composite number?
False
Is 1495213367 prime?
False
Is 57867975467 a prime number?
False
Is 110842379237 a prime number?
True
Is 5902047139 prime?
True
Is 944338379 a composite number?
False
Is 2151083227 a prime number?
True
Is 96787729193 a composite number?
False
Is 22223134181 a prime number?
True
Is 20910319 prime?
False
Is 3871382059 composite?
False
Is 3585017963 prime?
True
Is 1512769711 composite?
False
Is 2166649311 a prime number?
False
Is 63653501 composite?
True
Is 6207358049 prime?
False
Is 229275789493 a composite number?
True
Is 3850429091 composite?
False
Is 447017359 a prime number?
True
Is 581822183 composite?
False
Is 63502060331 prime?
False
Is 92481559 a composite number?
True
Is 104442397349 a prime number?
False
Is 93784984121 a prime number?
True
Is 3271750243 prime?
True
Is 273664211137 composite?
True
Is 611591483 composite?
False
Is 743343506299 a prime number?
True
Is 2215956217 a composite number?
True
Is 1634681 a prime number?
True
Is 116908738 prime?
False
Is 266966537 prime?
True
Is 315795926 a composite number?
True
Is 106345898509 a composite number?
False
Is 18665094977 prime?
True
Is 8097736681 a composite number?
False
Is 25741814209 a prime number?
False
Is 401967539 a prime number?
True
Is 38964608779 a composite number?
False
Is 556792979 composite?
True
Is 216228673 a composite number?
False
Is 1681644121 a prime number?
False
Is 464493173 a composite number?
True
Is 18233451683 a prime number?
True
Is 9126073207 composite?
True
Is 27659922377 a composite number?
True
Is 3022745087 prime?
False
Is 28421432789 prime?
True
Is 32872820779 a composite number?
False
Is 7861058083 prime?
False
Is 801890729 a prime number?
False
Is 530743151 a composite number?
False
Is 17242195627 composite?
False
Is 1372524541 composite?
False
Is 51759093991 composite?
True
Is 2550659123 a prime number?
False
Is 2042059 prime?
True
Is 4774984783 prime?
True
Is 123151069 prime?
True
Is 17381922229 composite?
True
Is 705452261 a prime number?
True
Is 35927412839 a prime number?
True
Is 4022596373 a prime number?
True
Is 2593337563 a prime number?
True
Is 1515988249 composite?
True
Is 9252684647 a composite number?
False
Is 1103087 a prime number?
True
Is 60928148467 composite?
False
Is 69272102879 a composite number?
True
Is 7900352879 a composite number?
True
Is 372156521 composite?
True
Is 3024397069 composite?
True
Is 100365349937 a prime number?
False
Is 53357689939 a composite number?
False
Is 116364695639 a prime number?
False
Is 8970172769 prime?
True
Is 19511395679 prime?
True
Is 1411729777 prime?
False
Is 4148967673 a prime number?
False
Is 10521081997 prime?
False
Is 40604244859 a prime number?
True
Is 4370951023 prime?
True
Is 23125357181 composite?
False
Is 672222323 prime?
False
Is 958301863 prime?
True
Is 15394544357 a prime number?
False
Is 139971497 prime?
True
Is 3469980037 composite?
False
Is 26037628691 a prime number?
True
Is 290509590247 prime?
True
Is 8078387 prime?
True
Is 581004509 prime?
False
Is 5716386667 a prime number?
True
Is 193545257 a composite number?
False
Is 25490285261 a prime number?
False
Is 772925033 a prime number?
False
Is 128831179 prime?
True
Is 97003710017 a prime number?
False
Is 4758444877 a composite number?
True
Is 628500559 a composite number?
True
Is 1628790857 a prime number?
False
Is 383130731 a prime number?
False
Is 821766493 prime?
False
Is 9423668609 a composite number?
False
Is 8383629479 a prime number?
True
Is 211742257 a composite number?
True
Is 519883367 a prime number?
True
Is 3733120079 composite?
True
Is 10028005453 prime?
False
Is 27990158803 a prime number?
True
Is 9625465583 a composite number?
False
Is 2087406479 composite?
False
Is 9490149511 composite?
True
Is 296182933 composite?
False
Is 19986943 a composite number?
False
Is 324013141 a composite number?
False
Is 373276109 composite?
True
Is 52900747 prime?
True
Is 3310275083 a composite number?
False
Is 15086723357 composite?
False
Is 94181110971 prime?
False
Is 7088701513 a composite number?
True
Is 67368631117 a composite number?
True
Is 2321930603 prime?
True
Is 437357971 prime?
True
Is 11489883 prime?
False
Is 514675823 a composite number?
False
Is 10803597751 a composite number?
True
Is 525795577 a prime number?
True
Is 8974645567 prime?
True
Is 28238592439 prime?
True
Is 12786650743 prime?
False
Is 2637178211 a prime number?
True
Is 173138242 a prime number?
False
Is 76587692903 a composite number?
False
Is 4497517573 composite?
True
Is 2968649291 prime?
True
Is 19077249517 a composite number?
True
Is 168261781549 a composite number?
False
Is 1313625409 a prime number?
True
Is 421700291 a prime number?
True
Is 2737746883 composite?
True
Is 1647496541 a composite number?
False
Is 745865321 composite?
True
Is 1266120683 a composite number?
True
Is 12100083637 prime?
True
Is 20377856957 composite?
False
Is 3494298007 composite?
False
Is 6659476411 a prime number?
False
Is 2713061 a composite number?
True
Is 79212773 a prime number?
False
Is 987266647 composite?
True
Is 43841267333 a composite number?
False
Is 1539971449 composite?
True
Is 6280496111 composite?
False
Is 655535933 a composite number?
True
Is 37946003 prime?
False
Is 84076942969 a composite number?
True
Is 2063430619 composite?
True
Is 9084510959 a prime number?
True
Is 519373891 composite?
True
Is 421836763 a prime number?
False
Is 90456451381 a composite number?
False
Is 1682841907 a prime number?
True
Is 643114349 a composite number?
True
Is 100773947 a prime number?
False
Is 235674823 prime?
True
Is 111575226769 prime?
False
Is 4121828681 a prime number?
True
Is 683588939 composite?
True
Is 384747487 prime?
True
Is 457743563 prime?
False
Is 119184615871 composite?
False
Is 28680084493 a prime number?
False
Is 20250717017 a prime number?
True
Is 105937098089 a prime number?
True
Is 1009766405 prime?
False
Is 4992253889 prime?
False
Is 71001089 composite?
False
Is 1179304057 prime?
False
Is 2954815393 prime?
True
Is 145393891 composite?
True
Is 15805825027 a prime number?
True
Is 1101466237 a prime number?
True
Is 100699356703 prime?
False
Is 696161891 a prime number?
True
Is 66017672779 a prime number?
False
Is 679905161 a prime number?
False
Is 486217021 a prime number?
False
Is 91728774779 prime?
True
Is 221319367 composite?
False
Is 113530343 prime?
False
Is 10096532437 composite?
True
Is 10629404083 a prime number?
True
Is 24611912869 a prime number?
True
Is 4358283071 composite?
True
Is 9858370631 a prime number?
True
Is 18004596683 composite?
False
Is 98413481603 a prime number?
False
Is 4839448949 prime?
True
Is 1529700157 a composite number?
True
Is 207013522439 a composite number?
False
Is 1446567917 prime?
False